{"id":16,"date":"2017-03-30T13:44:32","date_gmt":"2017-03-30T13:44:32","guid":{"rendered":"http:\/\/containerartcare.com\/?page_id=16"},"modified":"2018-03-08T18:28:32","modified_gmt":"2018-03-08T18:28:32","slug":"ausstellung","status":"publish","type":"page","link":"http:\/\/containerartcare.com\/?page_id=16","title":{"rendered":"Ausstellung"},"content":{"rendered":"<p>&nbsp;<\/p>\n<p><b>N\u00e4chste Ausstellung beginnt am 14. April 2018: Sankt Martin \/ Pfalz.<\/b><\/p>\n<p>Am 14.April 2018\u00a0startete unsere n\u00e4chste Ausstellung in Sankt Martin in der Pfalz.<\/p>\n<p>Der erste &#8211; rote &#8211; Art Container &#8222;Metallwerke&#8220; von insgesamt 5 Containern wird in Sankt Martin im Stadtzentrum aufgestellt. Die Er\u00f6ffnung wird am 14.4.2018 im Pfarrzentrum mit einer Podiumsdiskussion und vielen interessanten G\u00e4sten er\u00f6ffnet. Der K\u00fcnstler Rudi Fischer wird auch anwesend sein. Die Ausstellungsreihe wird insgesamt an 5 Standorten in der Pfalz durchgef\u00fchrt. Das bedeutet, dass der n\u00e4chste Container &#8222;Camouflage&#8220; nicht in Sankt Martin, sondern einem weiteren Standort in der Pfalz gezeigt wird.<\/p>\n<p><img loading=\"lazy\" class=\"alignnone size-medium\" src=\"http:\/\/containerartcare.com\/site\/wp-content\/uploads\/2018\/02\/PosterSMall.jpg\" width=\"815\" height=\"244\" \/><\/p>\n<p>&nbsp;<\/p>\n<p><strong><br \/>\nEndlich ist es soweit!<\/strong><\/p>\n<p><b>Premiere in Stade f\u00fcr den ersten Art Container.<\/b><\/p>\n<p>&nbsp;<\/p>\n<p><img loading=\"lazy\" class=\"alignnone wp-image-286 size-medium\" src=\"http:\/\/containerartcare.com\/site\/wp-content\/uploads\/2017\/04\/IMG_2426-300x169.jpg\" alt=\"\" width=\"300\" height=\"169\" srcset=\"http:\/\/containerartcare.com\/site\/wp-content\/uploads\/2017\/04\/IMG_2426-300x169.jpg 300w, http:\/\/containerartcare.com\/site\/wp-content\/uploads\/2017\/04\/IMG_2426-768x432.jpg 768w, http:\/\/containerartcare.com\/site\/wp-content\/uploads\/2017\/04\/IMG_2426-1024x576.jpg 1024w, http:\/\/containerartcare.com\/site\/wp-content\/uploads\/2017\/04\/IMG_2426-250x141.jpg 250w, http:\/\/containerartcare.com\/site\/wp-content\/uploads\/2017\/04\/IMG_2426-550x309.jpg 550w, http:\/\/containerartcare.com\/site\/wp-content\/uploads\/2017\/04\/IMG_2426-800x450.jpg 800w, http:\/\/containerartcare.com\/site\/wp-content\/uploads\/2017\/04\/IMG_2426-320x180.jpg 320w, http:\/\/containerartcare.com\/site\/wp-content\/uploads\/2017\/04\/IMG_2426-533x300.jpg 533w, http:\/\/containerartcare.com\/site\/wp-content\/uploads\/2017\/04\/IMG_2426-889x500.jpg 889w, http:\/\/containerartcare.com\/site\/wp-content\/uploads\/2017\/04\/IMG_2426.jpg 1280w\" sizes=\"(max-width: 300px) 100vw, 300px\" \/><\/p>\n<p>Am <strong>29.April 2017<\/strong> startete unsere erste Ausstellung, die in Stade. Der erste &#8211; rote &#8211; Art Container von insgesamt 5 Containern wurde bis zum <strong>27. Mai 2017<\/strong>\u00a0aufgestellt und konnte zwischen <strong>10.00 Uhr und 18.00 Uhr<\/strong>\u00a0Hinter dem Schwedenspeicher, Stade besucht werden.<\/p>\n<p>Da der K\u00fcnstler mit den 5 Containern\u00a0ein zusammenliegendes Konzept\u00a0erarbeitet hat, ist unsere Empfehlung alle 5 Container nacheinander zu besuchen. Diese werden nacheinander mit einer kleinen Zwischenpause ebenfalls in Stade aufgestellt. Die genauen Daten daf\u00fcr k\u00f6nnen Sie auf dieser Homepage einsehen.<br \/>\n<strong>So helfen auch \u00a0Sie mit, ein kleines St\u00fcckchen Welt und dessen Werte zu retten.\u00a0<\/strong><\/p>\n<p>&nbsp;<\/p>\n<p>&nbsp;<\/p>\n<p><b>Bitte beachten Sie:\u00a0<\/b>Bringen Sie Ihr Smartphone mit, um interaktive Elemente der Ausstellungen in vollem Umfang wahrnehmen zu k\u00f6nnen.<\/p>\n<p>&nbsp;<\/p>\n<p><strong>\u00a0<\/strong><\/p>\n<p>&nbsp;<\/p>\n<p>&nbsp;<\/p>\n<p>&nbsp;<\/p>\n","protected":false},"excerpt":{"rendered":"<p>&nbsp; N\u00e4chste Ausstellung beginnt am 14. April 2018: Sankt Martin \/ Pfalz. Am 14.April 2018\u00a0startete unsere n\u00e4chste Ausstellung in Sankt Martin in der Pfalz. Der erste &#8211; rote &#8211; Art Container &#8222;Metallwerke&#8220; von insgesamt 5 Containern wird in Sankt Martin im Stadtzentrum aufgestellt. Die Er\u00f6ffnung wird am 14.4.2018 im Pfarrzentrum mit einer Podiumsdiskussion und vielen [&hellip;]<\/p>\n","protected":false},"author":2,"featured_media":0,"parent":0,"menu_order":1,"comment_status":"closed","ping_status":"closed","template":"SinglePage.php","meta":[],"_links":{"self":[{"href":"http:\/\/containerartcare.com\/index.php?rest_route=\/wp\/v2\/pages\/16"}],"collection":[{"href":"http:\/\/containerartcare.com\/index.php?rest_route=\/wp\/v2\/pages"}],"about":[{"href":"http:\/\/containerartcare.com\/index.php?rest_route=\/wp\/v2\/types\/page"}],"author":[{"embeddable":true,"href":"http:\/\/containerartcare.com\/index.php?rest_route=\/wp\/v2\/users\/2"}],"replies":[{"embeddable":true,"href":"http:\/\/containerartcare.com\/index.php?rest_route=%2Fwp%2Fv2%2Fcomments&post=16"}],"version-history":[{"count":20,"href":"http:\/\/containerartcare.com\/index.php?rest_route=\/wp\/v2\/pages\/16\/revisions"}],"predecessor-version":[{"id":460,"href":"http:\/\/containerartcare.com\/index.php?rest_route=\/wp\/v2\/pages\/16\/revisions\/460"}],"wp:attachment":[{"href":"http:\/\/containerartcare.com\/index.php?rest_route=%2Fwp%2Fv2%2Fmedia&parent=16"}],"curies":[{"name":"wp","href":"https:\/\/api.w.org\/{rel}","templated":true}]}}

<p>&nbsp;</p>
<p><b>Nächste Ausstellung beginnt am 14. April 2018: Sankt Martin / Pfalz.</b></p>
<p>Am 14.April 2018 startete unsere nächste Ausstellung in Sankt Martin in der Pfalz.</p>
<p>Der erste &#8211; rote &#8211; Art Container &#8222;Metallwerke&#8220; von insgesamt 5 Containern wird in Sankt Martin im Stadtzentrum aufgestellt. Die Eröffnung wird am 14.4.2018 im Pfarrzentrum mit einer Podiumsdiskussion und vielen interessanten Gästen eröffnet. Der Künstler Rudi Fischer wird auch anwesend sein. Die Ausstellungsreihe wird insgesamt an 5 Standorten in der Pfalz durchgeführt. Das bedeutet, dass der nächste Container &#8222;Camouflage&#8220; nicht in Sankt Martin, sondern einem weiteren Standort in der Pfalz gezeigt wird.</p>
<p><img loading="lazy" class="alignnone size-medium" src="http://containerartcare.com/site/wp-content/uploads/2018/02/PosterSMall.jpg" width="815" height="244" /></p>
<p>&nbsp;</p>
<p><strong><br />
Endlich ist es soweit!</strong></p>
<p><b>Premiere in Stade für den ersten Art Container.</b></p>
<p>&nbsp;</p>
<p><img loading="lazy" class="alignnone wp-image-286 size-medium" src="http://containerartcare.com/site/wp-content/uploads/2017/04/IMG_2426-300x169.jpg" alt="" width="300" height="169" srcset="http://containerartcare.com/site/wp-content/uploads/2017/04/IMG_2426-300x169.jpg 300w, http://containerartcare.com/site/wp-content/uploads/2017/04/IMG_2426-768x432.jpg 768w, http://containerartcare.com/site/wp-content/uploads/2017/04/IMG_2426-1024x576.jpg 1024w, http://containerartcare.com/site/wp-content/uploads/2017/04/IMG_2426-250x141.jpg 250w, http://containerartcare.com/site/wp-content/uploads/2017/04/IMG_2426-550x309.jpg 550w, http://containerartcare.com/site/wp-content/uploads/2017/04/IMG_2426-800x450.jpg 800w, http://containerartcare.com/site/wp-content/uploads/2017/04/IMG_2426-320x180.jpg 320w, http://containerartcare.com/site/wp-content/uploads/2017/04/IMG_2426-533x300.jpg 533w, http://containerartcare.com/site/wp-content/uploads/2017/04/IMG_2426-889x500.jpg 889w, http://containerartcare.com/site/wp-content/uploads/2017/04/IMG_2426.jpg 1280w" sizes="(max-width: 300px) 100vw, 300px" /></p>
<p>Am <strong>29.April 2017</strong> startete unsere erste Ausstellung, die in Stade. Der erste &#8211; rote &#8211; Art Container von insgesamt 5 Containern wurde bis zum <strong>27. Mai 2017</strong> aufgestellt und konnte zwischen <strong>10.00 Uhr und 18.00 Uhr</strong> Hinter dem Schwedenspeicher, Stade besucht werden.</p>
<p>Da der Künstler mit den 5 Containern ein zusammenliegendes Konzept erarbeitet hat, ist unsere Empfehlung alle 5 Container nacheinander zu besuchen. Diese werden nacheinander mit einer kleinen Zwischenpause ebenfalls in Stade aufgestellt. Die genauen Daten dafür können Sie auf dieser Homepage einsehen.<br />
<strong>So helfen auch  Sie mit, ein kleines Stückchen Welt und dessen Werte zu retten. </strong></p>
<p>&nbsp;</p>
<p>&nbsp;</p>
<p><b>Bitte beachten Sie: </b>Bringen Sie Ihr Smartphone mit, um interaktive Elemente der Ausstellungen in vollem Umfang wahrnehmen zu können.</p>
<p>&nbsp;</p>
<p><strong> </strong></p>
<p>&nbsp;</p>
<p>&nbsp;</p>
<p>&nbsp;</p>

<p>&nbsp; Nächste Ausstellung beginnt am 14. April 2018: Sankt Martin / Pfalz. Am 14.April 2018 startete unsere nächste Ausstellung in Sankt Martin in der Pfalz. Der erste &#8211; rote &#8211; Art Container &#8222;Metallwerke&#8220; von insgesamt 5 Containern wird in Sankt Martin im Stadtzentrum aufgestellt. Die Eröffnung wird am 14.4.2018 im Pfarrzentrum mit einer Podiumsdiskussion und vielen [&hellip;]</p>
